highest common divisor of 30 and m.
15
Suppose -3*h + 2*k + 18 = 0, 0 = -2*h - 0*k - 2*k + 22. Let v be 1/1 - 388/(-4). Let m = 162 - v. What is the greatest common factor of h and m?
8
Suppose 8 - 4 = 2*b. Let r(a) = 3*a**3 - 2*a**2 - a - 2. Let q be r(b). Calculate the highest common divisor of 108 and q.
12
Suppose -24 - 9 = -c. Let x = 71 + -49. What is the greatest common factor of c and x?
11
Suppose -2*p - 16 = 22. Let h = -16 - p. What is the highest common factor of 2 and h?
1
Let c(m) = m**3 + m**2 + m - 9. Let u be c(0). Let l be 66/u*6/(-4). What is the greatest common factor of l and 77?
11
Let r = -45 - -149. Calculate the highest common divisor of r and 13.
13
Let n(l) = -36*l - 1. Let t be n(-1). Calculate the greatest common divisor of t and 140.
35
Let p = 90 + -81. What is the greatest common divisor of p and 99?
9
Let r be (1 + 6/14)*14. What is the greatest common divisor of r and 50?
10
Suppose -5*q - 5*b = -139 + 44, -27 = -q + 3*b. Let k be ((-2)/(6/q))/(-1). What is the highest common factor of 7 and k?
7
Suppose g = -m + 4, 0 = 2*m - 5*g + 12 + 8. Suppose m = 2*w + w - 135. Suppose 0 = h - w - 54. Calculate the highest common factor of 11 and h.
11
Suppose -11*v = -10*v - 5. What is the greatest common factor of v and 40?
5
Let h(g) = g**3 - 4*g**2 - 3*g - 7. Let k be h(5). Let l be (62/2 - k) + 3. Suppose -l = -2*u + 29. Calculate the greatest common divisor of 45 and u.
15
Suppose 0 = 4*j + 2*o - 66, -j - 65 = -5*j - o. Calculate the highest common divisor of 272 and j.
16
Let s(b) = 4*b + 29. Let w be s(-5). What is the highest common factor of w and 99?
9
Suppose 4*y - 273 + 65 = 0. Let i(x) = 2*x**2 - 7*x + 1. Let d be i(5). Let m be 1*(-3 + 0) + d. What is the greatest common divisor of m and y?
13
Let n be 18/4*20/(-6). Let m be n/(-4)*48/18. Calculate the highest common divisor of 10 and m.
10
Let b = 194 - 109. Let i(n) = 8*n + 2. Let o be i(4). What is the highest common factor of o and b?
17
Suppose -3*j = -6*j + 33. What is the greatest common factor of j and 33?
11
Suppose -6*w + 2*w + 8 = 0, 13 = 3*x + 5*w. Let z be (x + -2 + 1)/2. Let y be (1 - (0 + z))*18. What is the highest common divisor of 36 and y?
18
Let k = -33 + 69. What is the greatest common divisor of 48 and k?
12
Let g(i) be the third derivative of i**6/12 + i**5/60 - i**3/6 + i**2. Let b be g(1). Let h = -8 - -12. What is the greatest common divisor of b and h?
2
Let w(v) = 5*v**2 - 2*v - 2. Let s be w(-3). Let q = s + -10. Calculate the greatest common divisor of q and 13.
13
Let k = 3 - 3. Suppose k*b = b - 84. What is the greatest common factor of 12 and b?
12
Let i be 718/9 + 16/72. Calculate the highest common factor of i and 16.
16
Let n(o) = o**3 + o**2 - 5*o + 2. Let x be n(3). What is the greatest common divisor of x and 46?
23
Let c(o) = -o**3 + 5*o**2 + 4. Let t(k) = -k**3 + 8*k**2 + 4. Let z be t(8). Let w be c(z). Calculate the greatest common factor of 200 and w.
20
Let w(b) = -b + 6. Let h be w(5). What is the highest common factor of 7 and h?
1
Suppose j = 58 - 19. Suppose 5*h - j = 166. Let s = h - 26. What is the highest common divisor of s and 75?
15
Suppose 0 = -2*t - 7 + 35. Calculate the highest common divisor of t and 112.
14
Suppose 6*w = 8*w. Suppose -4*z + 157 - 45 = w. What is the greatest common factor of z and 224?
28
Let a be (-2)/2 + 341 + -2. Let g be 10/(-40) + a/8. What is the highest common factor of g and 28?
14
Let g(v) = -7*v + 1. Let h be g(-2). Let o = h - 11. Let t be (-4 + 5)/((-1)/(-4)). What is the greatest common divisor of o and t?
4
Let z(p) = p**3 - 2*p**2 + 1. Let o be z(3). Let y be ((-2)/(-3))/(2/270). Calculate the highest common divisor of y and o.
10
Let d(g) = -2 - 3*g**2 + 9*g + 13 + 2*g**2. Let q be d(9). What is the greatest common divisor of 77 and q?
11
Suppose 650 = 6*l - l + 5*x, -x - 266 = -2*l. Calculate the highest common divisor of 12 and l.
12
Suppose 0*p + 7 = 3*a + 4*p, -3*p = -4*a + 51. Let f(y) = -4*y - 3. Let v be f(-3). Calculate the greatest common divisor of a and v.
9
Let d(m) = m**2 + 5*m + 7. Let r be d(-5). Let g(v) = 16*v**2 - v + 1. Suppose -8 = -3*z - 2. Let b be g(z). Calculate the greatest common factor of r and b.
7
Suppose -5*c + 3*n + 48 = 6*n, -3*c = 3*n - 24. Suppose 2*z + 12 = 3*z. Suppose 0 = -3*w + 12 + z. Calculate the highest common divisor of w and c.
4
Let m(y) = -y**3 + 6*y**2 + 3. Let g be m(3). Calculate the greatest common divisor of g and 15.
15
Let x(i) = 2*i - 9. Let d be x(6). Let q = d + 0. What is the greatest common divisor of q and 33?
3
Let j be (9/6)/(6/40). What is the highest common divisor of 10 and j?
10
Let k be (3/2)/((-9)/(-12)). Let g = 13 - k. Let v(n) = -3*n + 3. Let h be v(-10). What is the greatest common divisor of g and h?
11
Let i(s) = 4*s**2 - 2*s + 2. Let z be i(2). Calculate the highest common divisor of 35 and z.
7
Let u be (2/(-1))/(6/(-21)). Let r = u + -2. What is the greatest common divisor of 40 and r?
5
Let q = 30 - 59. Let h = q + 54. What is the greatest common factor of h and 175?
25
Let u(a) be the first derivative of a**3/3 - 3*a**2 + 8*a + 2. Let s be u(-6). What is the highest common factor of 16 and s?
16
Let a(w) = -w**2 - 8*w - 3. Let s be a(-7). Let v be (-20)/4 + -1 + s. Let j be v/(-10) + (-531)/(-45). What is the highest common factor of j and 108?
12
Suppose -4*u = 4*q - 90 - 106, -q + 2*u = -37. Suppose 3*h = 2*f + 39, 48 = 3*h + 2*f - f. What is the greatest common divisor of h and q?
15
Suppose 19 = 5*j - 4*m, j - 3*j + 5 = m. Calculate the highest common divisor of j and 27.
3
Let g(d) = -d**3 - 5*d**2 + 11*d + 5. Let p be g(-7). Suppose -3*f - 4*f = -273. What is the highest common factor of p and f?
13
Let o(y) = -2*y + 4. Let i be o(3). Let a = 4 - i. What is the greatest common factor of 66 and a?
6
Let l(h) = -5*h + 4. Let b be l(3). Let f = -7 - b. Suppose 2*j = -0*j - c + 38, -3*j + 62 = -c. Calculate the highest common divisor of f and j.
4
Suppose 5*u = -5*j + 95, -4*j + 1 = u - 30. What is the greatest common divisor of 45 and u?
15
Let j(k) = k**2 - 3*k**2 + 10*k - 2*k**2 + 6 + 3*k**2. Let z be j(6). What is the highest common factor of 45 and z?
15
Let s be 1*-4 - (-352)/8. Calculate the greatest common factor of s and 10.
10
Suppose 5*f - 5 = 25. Suppose -4*x + 112 = -56. What is the highest common factor of x and f?
6
Let h(n) = n - 45. Let x(l) = -4. Let m(p) = -4*h(p) + 44*x(p). Let t be m(-3). What is the greatest common factor of 96 and t?
16
Suppose 0 = 2*o + 3*l - 40, 3*o = l + 22 + 16. Calculate the greatest common divisor of 70 and o.
14
Let p be (-1)/(-1 + 5/6). Suppose -2*a + 0 = -p. Let l = 14 + 1. Calculate the greatest common factor of a and l.
3
Let m be 1/(-6) + 511/42. What is the greatest common divisor of m and 8?
4
Suppose 5*k - 83 = 17. What is the highest common factor of 60 and k?
20
Let n = 14 - 14. Suppose 2*l = -n*l, 0 = -u - 2*l + 6. Calculate the greatest common divisor of u and 4.
2
Suppose 5*s - 3*c = 18, 2*s = -2*c - 2*c + 2. Suppose -s = -m, m - 13 = -4*g - 2. What is the highest common factor of g and 14?
2
Suppose d - 5*c = 2, 4*d + d = -2*c + 64. Suppose -75 = -g + 57. What is the highest common factor of g and d?
12
Let a be 66 - (-6)/(-3 + 0). What is the highest common factor of 16 and a?
16
Suppose -3*o + 3*n = 2*n - 134, 0 = -o - 4*n + 62. Let k = 82 - o. Let x be 4*1 + (2 - 2). Calculate the greatest common factor of k and x.
4
Let h(j) = j**2 + 7*j + 8. Let f be h(-8). Suppose -5*z = 73 + 17. Let r = z + 34. What is the greatest common divisor of r and f?
16
Let m = 12 + -7. Let k = m - 3. What is the highest common factor of k and 10?
2
Let g be (0 - -1)/(2/4). Suppose -3*v - z - 7 = -6*z, 0 = -5*v - 4*z + 50. What is the greatest common factor of v and g?
2
Suppose s - f + 6*f = -1, -2*s = 2*f - 6. Suppose -4*a + 3*x = -25, -5*x = a - s*x - 15. What is the greatest common factor of 20 and a?
10
Suppose -2*r - 4*c + 10 = 0, 4*r + 3*c + 2*c = 20. Suppose r*l + 5*d - 95 = 0, 0 = -d + 2 + 2. Calculate the greatest common factor of l and 5.
5
Let s be 96 - (12/54 + (-4)/18). Calculate the greatest common factor of 12 and s.
12
Let i(a) = a**2 - 4*a + 2. Let l be i(4). Let g(x) = x**3 - 2*x**2 + 2*x - 3. Let b be g(l). Let w = b - -2